hat is the units digit of (-4)/(-6)*(4 + n)?
2
Let a(h) = h**2 - 6*h + 6. Let d be a(5). Suppose 4*j = 3*t - 20, 2*t - 5 = -j + 2*j. Suppose 4*q - 7 - d = t. What is the units digit of q?
2
Let h = 32 + -287. What is the units digit of 2/(-8) + h/(-12)?
1
Let a = 7 + -11. Let f be (0 - 0) + 4/a. What is the units digit of 5 + f + -1 - -1?
4
Let n(f) = -f**2 + 6*f - 5. Let c be n(4). Suppose -c*g - 5 = -17. Suppose g*o - 3 = 17. What is the units digit of o?
5
What is the units digit of (-1 - 3/(-3)) + 49?
9
Let h(q) = -q**3 - 4*q**2 + 5*q + 1. Let v be h(-5). Let x(o) = -8*o - 1. Let r be x(v). What is the units digit of (-1)/((r/(-6))/(-3))?
2
Suppose 6*g - 2*g - 64 = 0. What is the units digit of g?
6
Suppose 0 = -3*z + m + 112, 5*m = -5 + 30. What is the tens digit of z?
3
Suppose -81 = -4*r + 4*m + 71, 5*r - 3*m - 182 = 0. What is the tens digit of r?
3
Suppose -6*y = -4*f - 2*y + 44, f + 5*y - 11 = 0. Let u = f + -7. What is the units digit of u?
4
Let w(c) be the second derivative of c**3/6 - 3*c**2 - 3*c. What is the units digit of w(9)?
3
Let w(l) = -l**3 + l**2 - 8*l - 3. Let u(g) = g**3 + 7*g + 2. Let n(h) = -5*u(h) - 4*w(h). Let i be n(-3). Suppose -i*k + 90 = 3*k. What is the tens digit of k?
1
Let f(q) = -q**3 - 9*q**2 + 9*q - 7. What is the units digit of f(-11)?
6
Let l be 0/(-1 + -2) + -1. Let f = l - 10. Let s = -6 - f. What is the units digit of s?
5
Suppose -4*q - 3 = -15. Suppose 3*r + 2*v = -q*v + 14, v = 1. What is the units digit of r?
3
Let v(g) be the third derivative of -g**6/6 - g**5/60 - g**4/24 - 4*g**2. What is the tens digit of v(-1)?
2
Let i = -5 - -12. Let u = i - 2. Suppose -4*x + u = x. What is the units digit of x?
1
Let p(l) = l + 9. Let c be p(0). What is the units digit of 2/c - (-420)/54?
8
Let c = 6 - 2. Suppose -4*d - 2*v - 4 + 12 = 0, c*v = 0. What is the units digit of d?
2
Let v = 0 - 10. Suppose 2 = f + 1. What is the units digit of (5/(v/(-4)))/f?
2
Suppose 26 = 4*v + 10. Suppose -114 = -v*t + 62. What is the tens digit of t?
4
What is the units digit of ((-1)/(-3))/(19/2451)?
3
Let c be (-111)/21 + 2/7. Let v be 1 + -1 - 2 - c. Suppose 4*o - 2*i - v*i = -1, -3*o + 2*i + 8 = 0. What is the units digit of o?
6
Suppose 4*p - 845 + 317 = 0. Suppose -u = p + 88. What is the tens digit of 8/(-36) - u/18?
1
Suppose -3*l = -4*u + 244, -u - 61 = -2*u + l. What is the units digit of u?
1
Let l(o) be the third derivative of o**7/5040 - o**5/60 + o**2. Let b(a) be the third derivative of l(a). What is the units digit of b(6)?
6
What is the units digit of 1/1 + (-1 - -48)?
8
What is the hundreds digit of 0/(3/(6/(-4))) + 310?
3
Let h be 264/(-7) + 12/(-42). Let o = h - -56. What is the units digit of o?
8
Let q(l) = 2*l - 6. Let o = -1 + 3. Let f = o - -2. What is the units digit of q(f)?
2
Let t(d) be the second derivative of d**3/2 - 2*d**2 - d. Let f be t(3). Suppose 4*i - 6 = -2*a, -a - f*i - 15 = -3*a. What is the units digit of a?
5
Suppose 5*h - 51 - 179 = 0. What is the tens digit of h?
4
Suppose 0 = 4*k + 4*u - 28, -2*k + 5*u = 35 - 14. Suppose -k*v + 2*z = -2*z - 28, -28 = -2*v + z. What is the tens digit of v?
1
What is the units digit of 44/28 - 6/(-14)?
2
Let s = 61 + -16. Suppose -2*u = u - s. What is the tens digit of u?
1
Let i(r) = -r**2 + 15*r - 19. Let s = -20 - -33. Let w be i(s). Let n = w - 6. What is the units digit of n?
1
Let g = -21 + 1. Let r = 37 + g. What is the tens digit of r?
1
Let o = -11 + 46. What is the units digit of o?
5
Suppose -10*s = -431 - 439. What is the tens digit of s?
8
Let k(h) = 7*h + 1. Let t(x) = x**2 + 5*x - 4. Let s be t(-6). Let j be 12/(-8)*s/(-3). What is the units digit of k(j)?
8
Suppose 4*c + 12 = 5*c. What is the units digit of c?
2
Let a be ((-4)/(-6))/((-2)/(-3)). Let j(p) = -21*p + 2. Let y(v) = -11*v + 1. Let s(x) = 3*j(x) - 7*y(x). What is the units digit of s(a)?
3
What is the hundreds digit of -1 - -205 - (12 + -15)?
2
Let w be 604/10 - 18/45. Let p = 6 - 8. What is the units digit of w/18 - p/3?
4
Suppose -h = -4*h + 45. Suppose -2*f + 47 = -h. What is the tens digit of f?
3
Let z = 1 - -3. Suppose 0*q - 2*q + 12 = 0. What is the units digit of (11 + 1)/(q/z)?
8
Let l(v) = v**2 + 2*v - 3. Let a be l(-3). Suppose a = 3*n - 5*x - 40, -6*x + 3*x = 2*n - 52. What is the units digit of n?
0
Let m(k) = -k**2 + 4*k + 1. Let p be m(3). Suppose -4*q - 3*s + 82 = 0, -p*q + 0*q - s = -78. What is the tens digit of q?
1
Let j = -8 + 5. Let h(w) = -w**2 - 4*w - 1. Let a be h(j). Suppose 2*d - 6 = a. What is the units digit of d?
4
Let a = 7 - -10. What is the units digit of a?
7
Suppose 2*d + 0*d + 18 = 0. Let l be 4/6 + (-3)/d. Let t = l - -2. What is the units digit of t?
3
Let c = 2 + 9. What is the units digit of c?
1
Let c(t) = 124*t**3 + 2*t**2 - 2*t + 1. What is the hundreds digit of c(1)?
1
Let f(m) = 19*m**2 + m + 2. Let h be f(3). Suppose 4*a - h = -0*a. What is the tens digit of a?
4
Let l be (1 - 1)/(3 - 1). Suppose 0 = -3*m - l*m - a + 73, a = m - 19. What is the tens digit of m?
2
Let u be 591/(-15) - (-4)/10. Suppose -105 = -2*h + 4*h - c, 100 = -2*h + 2*c. Let l = u - h. What is the units digit of l?
6
Let z = -8 + 8. Suppose z = 2*t - 23 + 1. What is the units digit of t?
1
Suppose 2*u - 26 = 46. What is the tens digit of u?
3
Let y = -17 - -40. Let g = 29 - y. What is the units digit of g?
6
Let h(p) = -p**2 + 5*p - 3. Let u be h(3). Suppose 4*o + f + 3 = 0, 3*o + u*f = o + 11. Let q(t) = t**2 - 1. What is the units digit of q(o)?
3
Let d = -2 - -4. Let q(v) = 3*v**2 - 4*v + 5. Let p(r) = -1. Let x(w) = 2*p(w) + q(w). What is the units digit of x(d)?
7
Suppose 0 = -v + 6*v - 20. Suppose 4 = -v*k + 8*k. Let u(z) = 4*z**3 - 2*z**2 + 1. What is the units digit of u(k)?
3
Let w be (-1)/(-2)*-82 - 1. What is the tens digit of ((-3)/(-3))/((-2)/w)?
2
Suppose 2*t = 6, 5*y + 0*t + 4*t + 18 = 0. Let w = 37 + y. What is the units digit of w?
1
Let k(f) = f**3 + f**2 + f + 3. Let u be k(0). Suppose -u = -n, 4*z - n - 38 = -3*n. Let r = z - 3. What is the units digit of r?
5
Let u(k) = -k + 3. Let x be u(0). Suppose x*y + 2*y = 10. Suppose 3*d - 5 = y*d. What is the units digit of d?
5
Let r = 4 - 2. Suppose u = -r + 16. What is the tens digit of u?
1
Suppose 2*n + 2*m = -16, -2*n - 4 = -3*n + 2*m. Let k(r) be the first derivative of r**3/3 + r**2 - r - 1. What is the units digit of k(n)?
7
Suppose -21 = -4*m - 5. What is the units digit of m?
4
Let o(u) = -u**3 + 4*u**2 + 8*u - 2. What is the units digit of o(5)?
3
Let t = 6 - 3. Let b = -5 + t. Let z = b - -12. What is the tens digit of z?
1
Let n(h) = 6*h**2. Let t be n(1). Suppose -5*a = 2*k - 14, t*k = 2*a + 5*k - 2. Suppose 2*c = 4*c + a*g - 24, -4*c = 2*g - 44. What is the tens digit of c?
1
Let l(v) = v**3 + 3*v**2 - 5*v - 2. Suppose 7*k - 25 = 2*k. Suppose -k + 1 = z. What is the units digit of l(z)?
2
Let g(d) = -10*d + 1. Let y be g(-2). Let f be (-153)/(-21) + (-6)/y. What is the units digit of (f/(-3))/((-3)/9)?
7
Let q(i) = 2*i - 12. What is the units digit of q(7)?
2
Let a(o) = -o + 8. Let p be a(6). Let m be (0 + p)*315/(-6). What is the tens digit of 1/(-2) - m/10?
1
Suppose -k + 2 = k. What is the units digit of k?
1
What is the units digit of 4/8 - (-738)/12?
2
Let x be (-4)/22 + 26/22. Suppose -2*b + 2*p - x + 9 = 0, 2*b - 8 = -2*p. What is the units digit of b?
4
Suppose 0*a = a - 800. Let l be a/(-12)*(-3)/2. What is the units digit of l/55 - (-2)/11?
2
Let v be 4/14 + 52/14. Suppose 3*n - 2*h + 0*h = 54, -v*n - h = -72. What is the tens digit of n?
1
What is the units digit of 72/30*20/8?
6
Let m be (1/(-3))/((-1)/9). Let t(i) = 2*i + 4. What is the units digit of t(m)?
0
Let n = -6 - -8. Let u(a) = -10*a**n - 4*a**3 + 4 - 2*a + 3*a**3 - 8*a - 7. What is the units digit of u(-9)?
6
Suppose z = -0*z - 27. Let m = z + 40. What is the units digit of m?
3
Let c = 5 + -2. Suppose c*s = 5*s - 52. What is the units digit of s?
6
Let l be 2/(-8) + (-27)/(-12). Suppose 25 = a - l. What is the tens digit of a?
2
Suppose -3*t + 29 - 110 = 0. What is the units digit of (18/t)/((-2)/66)?
2
Let p(z) = z + 18. Let i be p(-10). Let v = 18 - i. What is the units digit of v?
0
Suppose -2*o - 5*z + 29 = 0, 0 = -o - 2*z + 8 + 6. What is the tens digit of o?
1
Suppose -10*t + 11*t = 210. What